{"id":14,"date":"2021-08-04T13:13:55","date_gmt":"2021-08-04T11:13:55","guid":{"rendered":"https:\/\/www.repub.sk\/?page_id=14"},"modified":"2026-01-28T20:15:11","modified_gmt":"2026-01-28T19:15:11","slug":"redakcia","status":"publish","type":"page","link":"https:\/\/www.repub.sk\/?page_id=14","title":{"rendered":"Redakcia"},"content":{"rendered":"\n<p><\/p>\n\n\n\n<h4 class=\"wp-block-heading\">Mgr. M\u00e1ria Denciov\u00e1 <\/h4>\n\n\n\n<p>(\u0160\u00e9fredaktorka a grafi\u010dka) &#8211; \u0161tudentka 2. ro\u010dn\u00edka doktorandsk\u00e9ho stup\u0148a Katedry politol\u00f3gie FF UPJ\u0160, vo svojej vedeckej \u010dinnosti sa venuje politike Spojen\u00fdch \u0161t\u00e1tov americk\u00fdch, vplyvu hybridn\u00fdch hrozieb a dezinform\u00e1ci\u00ed.<\/p>\n\n\n\n<h4 class=\"wp-block-heading\">Mgr. L\u00edvia J\u00e1no\u0161\u00edkov\u00e1 <\/h4>\n\n\n\n<p>(Redaktorka) &#8211; \u0161tudentka 2. ro\u010dn\u00edka doktorandsk\u00e9ho stup\u0148a Katedry politol\u00f3gie FF UPJ\u0160, vo svojej vedeckej \u010dinnosti sa venuje oblasti Ju\u017enej Ameriky a ot\u00e1zkam soci\u00e1lnych nerovnost\u00ed.<\/p>\n\n\n\n<h4 class=\"wp-block-heading\">Mgr. Tamara Har\u010darikov\u00e1 <\/h4>\n\n\n\n<p>(Redaktorka) &#8211; \u0161tudentka 1. ro\u010dn\u00edka doktorandsk\u00e9ho stup\u0148a Katedry politol\u00f3gie FF UPJ\u0160, vo svojej vedeckej \u010dinnosti sa venuje politick\u00fdm syst\u00e9mom nemecky hovoriacich kraj\u00edn a problematike oblasti Bl\u00edzkeho a Stredn\u00e9ho v\u00fdchodu.<\/p>\n\n\n\n<p><\/p>\n","protected":false},"excerpt":{"rendered":"<p>Mgr. M\u00e1ria Denciov\u00e1 (\u0160\u00e9fredaktorka a grafi\u010dka) &#8211; \u0161tudentka 2. ro\u010dn\u00edka doktorandsk\u00e9ho stup\u0148a Katedry politol\u00f3gie FF UPJ\u0160, vo svojej vedeckej \u010dinnosti sa venuje politike Spojen\u00fdch \u0161t\u00e1tov americk\u00fdch, vplyvu hybridn\u00fdch hrozieb a dezinform\u00e1ci\u00ed. Mgr. L\u00edvia J\u00e1no\u0161\u00edkov\u00e1 (Redaktorka) &#8211; \u0161tudentka 2. ro\u010dn\u00edka doktorandsk\u00e9ho stup\u0148a Katedry politol\u00f3gie FF UPJ\u0160, vo svojej vedeckej \u010dinnosti sa venuje oblasti Ju\u017enej Ameriky a [&hellip;]<\/p>\n","protected":false},"author":1,"featured_media":0,"parent":0,"menu_order":6,"comment_status":"closed","ping_status":"closed","template":"","meta":{"_monsterinsights_skip_tracking":false,"_monsterinsights_sitenote_active":false,"_monsterinsights_sitenote_note":"","_monsterinsights_sitenote_category":0,"footnotes":""},"class_list":["post-14","page","type-page","status-publish","hentry"],"yoast_head":"<!-- This site is optimized with the Yoast SEO plugin v26.8 - https:\/\/yoast.com\/product\/yoast-seo-wordpress\/ -->\n<title>Redakcia - RE:PUB<\/title>\n<meta name=\"robots\" content=\"index, follow, max-snippet:-1, max-image-preview:large, max-video-preview:-1\" \/>\n<link rel=\"canonical\" href=\"https:\/\/www.repub.sk\/?page_id=14\" \/>\n<meta property=\"og:locale\" content=\"sk_SK\" \/>\n<meta property=\"og:type\" content=\"article\" \/>\n<meta property=\"og:title\" content=\"Redakcia - RE:PUB\" \/>\n<meta property=\"og:description\" content=\"Mgr. M\u00e1ria Denciov\u00e1 (\u0160\u00e9fredaktorka a grafi\u010dka) &#8211; \u0161tudentka 2. ro\u010dn\u00edka doktorandsk\u00e9ho stup\u0148a Katedry politol\u00f3gie FF UPJ\u0160, vo svojej vedeckej \u010dinnosti sa venuje politike Spojen\u00fdch \u0161t\u00e1tov americk\u00fdch, vplyvu hybridn\u00fdch hrozieb a dezinform\u00e1ci\u00ed. Mgr. L\u00edvia J\u00e1no\u0161\u00edkov\u00e1 (Redaktorka) &#8211; \u0161tudentka 2. ro\u010dn\u00edka doktorandsk\u00e9ho stup\u0148a Katedry politol\u00f3gie FF UPJ\u0160, vo svojej vedeckej \u010dinnosti sa venuje oblasti Ju\u017enej Ameriky a [&hellip;]\" \/>\n<meta property=\"og:url\" content=\"https:\/\/www.repub.sk\/?page_id=14\" \/>\n<meta property=\"og:site_name\" content=\"RE:PUB\" \/>\n<meta property=\"article:modified_time\" content=\"2026-01-28T19:15:11+00:00\" \/>\n<meta name=\"twitter:card\" content=\"summary_large_image\" \/>\n<meta name=\"twitter:label1\" content=\"Predpokladan\u00fd \u010das \u010d\u00edtania\" \/>\n\t<meta name=\"twitter:data1\" content=\"1 min\u00fata\" \/>\n<script type=\"application\/ld+json\" class=\"yoast-schema-graph\">{\"@context\":\"https:\/\/schema.org\",\"@graph\":[{\"@type\":\"WebPage\",\"@id\":\"https:\/\/www.repub.sk\/?page_id=14\",\"url\":\"https:\/\/www.repub.sk\/?page_id=14\",\"name\":\"Redakcia - RE:PUB\",\"isPartOf\":{\"@id\":\"https:\/\/www.repub.sk\/#website\"},\"datePublished\":\"2021-08-04T11:13:55+00:00\",\"dateModified\":\"2026-01-28T19:15:11+00:00\",\"breadcrumb\":{\"@id\":\"https:\/\/www.repub.sk\/?page_id=14#breadcrumb\"},\"inLanguage\":\"sk-SK\",\"potentialAction\":[{\"@type\":\"ReadAction\",\"target\":[\"https:\/\/www.repub.sk\/?page_id=14\"]}]},{\"@type\":\"BreadcrumbList\",\"@id\":\"https:\/\/www.repub.sk\/?page_id=14#breadcrumb\",\"itemListElement\":[{\"@type\":\"ListItem\",\"position\":1,\"name\":\"Home\",\"item\":\"https:\/\/www.repub.sk\/\"},{\"@type\":\"ListItem\",\"position\":2,\"name\":\"Redakcia\"}]},{\"@type\":\"WebSite\",\"@id\":\"https:\/\/www.repub.sk\/#website\",\"url\":\"https:\/\/www.repub.sk\/\",\"name\":\"RE:PUB\",\"description\":\"\u0161tudentsk\u00fd \u010dasopis\",\"publisher\":{\"@id\":\"https:\/\/www.repub.sk\/#organization\"},\"potentialAction\":[{\"@type\":\"SearchAction\",\"target\":{\"@type\":\"EntryPoint\",\"urlTemplate\":\"https:\/\/www.repub.sk\/?s={search_term_string}\"},\"query-input\":{\"@type\":\"PropertyValueSpecification\",\"valueRequired\":true,\"valueName\":\"search_term_string\"}}],\"inLanguage\":\"sk-SK\"},{\"@type\":\"Organization\",\"@id\":\"https:\/\/www.repub.sk\/#organization\",\"name\":\"RE:PUB\",\"url\":\"https:\/\/www.repub.sk\/\",\"logo\":{\"@type\":\"ImageObject\",\"inLanguage\":\"sk-SK\",\"@id\":\"https:\/\/www.repub.sk\/#\/schema\/logo\/image\/\",\"url\":\"https:\/\/www.repub.sk\/wp-content\/uploads\/2024\/08\/repub-logo.png\",\"contentUrl\":\"https:\/\/www.repub.sk\/wp-content\/uploads\/2024\/08\/repub-logo.png\",\"width\":427,\"height\":426,\"caption\":\"RE:PUB\"},\"image\":{\"@id\":\"https:\/\/www.repub.sk\/#\/schema\/logo\/image\/\"}}]}<\/script>\n<!-- \/ Yoast SEO plugin. -->","yoast_head_json":{"title":"Redakcia - RE:PUB","robots":{"index":"index","follow":"follow","max-snippet":"max-snippet:-1","max-image-preview":"max-image-preview:large","max-video-preview":"max-video-preview:-1"},"canonical":"https:\/\/www.repub.sk\/?page_id=14","og_locale":"sk_SK","og_type":"article","og_title":"Redakcia - RE:PUB","og_description":"Mgr. M\u00e1ria Denciov\u00e1 (\u0160\u00e9fredaktorka a grafi\u010dka) &#8211; \u0161tudentka 2. ro\u010dn\u00edka doktorandsk\u00e9ho stup\u0148a Katedry politol\u00f3gie FF UPJ\u0160, vo svojej vedeckej \u010dinnosti sa venuje politike Spojen\u00fdch \u0161t\u00e1tov americk\u00fdch, vplyvu hybridn\u00fdch hrozieb a dezinform\u00e1ci\u00ed. Mgr. L\u00edvia J\u00e1no\u0161\u00edkov\u00e1 (Redaktorka) &#8211; \u0161tudentka 2. ro\u010dn\u00edka doktorandsk\u00e9ho stup\u0148a Katedry politol\u00f3gie FF UPJ\u0160, vo svojej vedeckej \u010dinnosti sa venuje oblasti Ju\u017enej Ameriky a [&hellip;]","og_url":"https:\/\/www.repub.sk\/?page_id=14","og_site_name":"RE:PUB","article_modified_time":"2026-01-28T19:15:11+00:00","twitter_card":"summary_large_image","twitter_misc":{"Predpokladan\u00fd \u010das \u010d\u00edtania":"1 min\u00fata"},"schema":{"@context":"https:\/\/schema.org","@graph":[{"@type":"WebPage","@id":"https:\/\/www.repub.sk\/?page_id=14","url":"https:\/\/www.repub.sk\/?page_id=14","name":"Redakcia - RE:PUB","isPartOf":{"@id":"https:\/\/www.repub.sk\/#website"},"datePublished":"2021-08-04T11:13:55+00:00","dateModified":"2026-01-28T19:15:11+00:00","breadcrumb":{"@id":"https:\/\/www.repub.sk\/?page_id=14#breadcrumb"},"inLanguage":"sk-SK","potentialAction":[{"@type":"ReadAction","target":["https:\/\/www.repub.sk\/?page_id=14"]}]},{"@type":"BreadcrumbList","@id":"https:\/\/www.repub.sk\/?page_id=14#breadcrumb","itemListElement":[{"@type":"ListItem","position":1,"name":"Home","item":"https:\/\/www.repub.sk\/"},{"@type":"ListItem","position":2,"name":"Redakcia"}]},{"@type":"WebSite","@id":"https:\/\/www.repub.sk\/#website","url":"https:\/\/www.repub.sk\/","name":"RE:PUB","description":"\u0161tudentsk\u00fd \u010dasopis","publisher":{"@id":"https:\/\/www.repub.sk\/#organization"},"potentialAction":[{"@type":"SearchAction","target":{"@type":"EntryPoint","urlTemplate":"https:\/\/www.repub.sk\/?s={search_term_string}"},"query-input":{"@type":"PropertyValueSpecification","valueRequired":true,"valueName":"search_term_string"}}],"inLanguage":"sk-SK"},{"@type":"Organization","@id":"https:\/\/www.repub.sk\/#organization","name":"RE:PUB","url":"https:\/\/www.repub.sk\/","logo":{"@type":"ImageObject","inLanguage":"sk-SK","@id":"https:\/\/www.repub.sk\/#\/schema\/logo\/image\/","url":"https:\/\/www.repub.sk\/wp-content\/uploads\/2024\/08\/repub-logo.png","contentUrl":"https:\/\/www.repub.sk\/wp-content\/uploads\/2024\/08\/repub-logo.png","width":427,"height":426,"caption":"RE:PUB"},"image":{"@id":"https:\/\/www.repub.sk\/#\/schema\/logo\/image\/"}}]}},"_links":{"self":[{"href":"https:\/\/www.repub.sk\/index.php?rest_route=\/wp\/v2\/pages\/14","targetHints":{"allow":["GET"]}}],"collection":[{"href":"https:\/\/www.repub.sk\/index.php?rest_route=\/wp\/v2\/pages"}],"about":[{"href":"https:\/\/www.repub.sk\/index.php?rest_route=\/wp\/v2\/types\/page"}],"author":[{"embeddable":true,"href":"https:\/\/www.repub.sk\/index.php?rest_route=\/wp\/v2\/users\/1"}],"replies":[{"embeddable":true,"href":"https:\/\/www.repub.sk\/index.php?rest_route=%2Fwp%2Fv2%2Fcomments&post=14"}],"version-history":[{"count":5,"href":"https:\/\/www.repub.sk\/index.php?rest_route=\/wp\/v2\/pages\/14\/revisions"}],"predecessor-version":[{"id":1440,"href":"https:\/\/www.repub.sk\/index.php?rest_route=\/wp\/v2\/pages\/14\/revisions\/1440"}],"wp:attachment":[{"href":"https:\/\/www.repub.sk\/index.php?rest_route=%2Fwp%2Fv2%2Fmedia&parent=14"}],"curies":[{"name":"wp","href":"https:\/\/api.w.org\/{rel}","templated":true}]}}